e factors of 16597025?
5, 663881
What are the prime factors of 1506009927?
3, 37, 1733, 7829
List the prime factors of 193619278.
2, 96809639
What are the prime factors of 107988554?
2, 53994277
What are the prime factors of 102040253?
7, 233, 62563
What are the prime factors of 3356999886?
2, 3, 41, 13646341
List the prime factors of 642113184.
2, 3, 653, 10243
List the prime factors of 45728546.
2, 22864273
What are the prime factors of 302860370?
2, 5, 30286037
List the prime factors of 62693681.
62693681
What are the prime factors of 273067687?
79, 3456553
What are the prime factors of 2449424?
2, 153089
List the prime factors of 263883643.
83, 367, 8663
What are the prime factors of 38705988?
2, 3, 3225499
List the prime factors of 192430684.
2, 17, 2829863
What are the prime factors of 561900238?
2, 3359, 83641
What are the prime factors of 37803163?
103, 367021
What are the prime factors of 522050851?
7, 131, 167, 487
List the prime factors of 133336375.
5, 149, 7159
What are the prime factors of 305033898?
2, 3, 13, 3910691
List the prime factors of 1059961590.
2, 3, 5, 1319, 8929
What are the prime factors of 1288004508?
2, 3, 7, 23, 61, 3643
What are the prime factors of 140697793?
19, 307, 24121
What are the prime factors of 42910561?
42910561
What are the prime factors of 1300351454?
2, 17, 2249743
List the prime factors of 54615859.
3847, 14197
What are the prime factors of 3242910124?
2, 31, 26152501
What are the prime factors of 1243944833?
5953, 208961
List the prime factors of 54559339.
47, 1160837
What are the prime factors of 57479959?
19, 3025261
List the prime factors of 186136787.
19, 67, 73, 2003
What are the prime factors of 183962157?
3, 647, 94777
What are the prime factors of 56223282?
2, 3, 9370547
List the prime factors of 40916549.
79, 517931
List the prime factors of 15176026.
2, 7588013
What are the prime factors of 2611220758?
2, 37, 35286767
What are the prime factors of 641322218?
2, 2857, 112237
What are the prime factors of 4069653833?
7, 19, 23, 449, 2963
What are the prime factors of 886499946?
2, 3, 37, 61, 21821
List the prime factors of 43448747.
43448747
List the prime factors of 480038990.
2, 5, 19, 2526521
List the prime factors of 386308184.
2, 23, 1439, 1459
What are the prime factors of 41344962?
2, 3, 311, 22157
List the prime factors of 623213779.
623213779
What are the prime factors of 38338345?
5, 53, 199, 727
List the prime factors of 169325785.
5, 33865157
What are the prime factors of 233567721?
3, 5011, 5179
What are the prime factors of 58464505?
5, 11, 23, 113, 409
What are the prime factors of 38774968?
2, 103, 47057
List the prime factors of 263555179.
47, 1019, 5503
List the prime factors of 6676078.
2, 3338039
What are the prime factors of 253071745?
5, 50614349
List the prime factors of 1741086178.
2, 13, 17, 1733, 2273
What are the prime factors of 10531114?
2, 11, 43517
List the prime factors of 330011746.
2, 165005873
List the prime factors of 1819773737.
2677, 679781
List the prime factors of 52755557.
52755557
What are the prime factors of 342105372?
2, 3, 7, 1357561
What are the prime factors of 1100121405?
3, 5, 379, 193513
List the prime factors of 458082309.
3, 152694103
What are the prime factors of 45121371?
3, 19, 59, 13417
List the prime factors of 2565619730.
2, 5, 256561973
What are the prime factors of 34315350?
2, 3, 5, 17, 13457
What are the prime factors of 762733039?
877, 869707
What are the prime factors of 263666654?
2, 41, 3215447
What are the prime factors of 637516557?
3, 19, 811, 4597
List the prime factors of 315108726.
2, 3, 52518121
What are the prime factors of 70617192?
2, 3, 2942383
List the prime factors of 133704607.
173, 772859
What are the prime factors of 1000767258?
2, 3, 18532727
List the prime factors of 551075634.
2, 3, 30615313
List the prime factors of 1548772726.
2, 17, 19, 2397481
List the prime factors of 73160403.
3, 31, 89, 8839
What are the prime factors of 56584707?
3, 18861569
List the prime factors of 11680.
2, 5, 73
What are the prime factors of 251830688?
2, 7869709
What are the prime factors of 29237988?
2, 3, 13, 187423
List the prime factors of 73656015.
3, 5, 821, 5981
What are the prime factors of 2125512354?
2, 3, 7, 2671, 18947
List the prime factors of 185850204.
2, 3, 15487517
List the prime factors of 7842227734.
2, 11, 29, 12291893
What are the prime factors of 6641704777?
6641704777
What are the prime factors of 1781790775?
5, 71271631
What are the prime factors of 158007663?
3, 11, 79, 89, 227
What are the prime factors of 1719697?
7, 245671
What are the prime factors of 5726935?
5, 1145387
List the prime factors of 252233571.
3, 23, 43, 151, 563
List the prime factors of 85101424.
2, 331, 16069
List the prime factors of 802177205.
5, 37, 4336093
What are the prime factors of 270063016?
2, 1709, 19753
What are the prime factors of 36203440?
2, 5, 7, 13, 4973
What are the prime factors of 5632489?
67, 84067
What are the prime factors of 60372494?
2, 7, 13, 67, 4951
What are the prime factors of 20189248?
2, 19, 16603
List the prime factors of 2204785141.
13, 5261, 32237
What are the prime factors of 75302308?
2, 719, 26183
What are the prime factors of 164929907?
107, 659, 2339
What are the prime factors of 441731570?
2, 5, 7, 17, 19, 2791
What are the prime factors of 671113993?
11, 101, 604063
What are the prime factors of 578701925?
5, 1523, 15199
List the prime factors of 16684411.
83, 179, 1123
What are the prime factors of 1195319424?
2, 3, 13, 113, 163
List the prime factors of 20525253.
3, 7, 463, 2111
What are the prime factors of 500889269?
239, 2095771
What are the prime factors of 316959085?
5, 131, 483907
What are the prime factors of 37142577?
3, 197, 6983
List the prime factors of 979239335.
5, 195847867
What are the prime factors of 952676361?
3, 7, 13, 29, 40111
List the prime factors of 1829154160.
2, 5, 449, 50923
List the prime factors of 147658573.
563, 262271
What are the prime factors of 1493457911?
11, 135768901
What are the prime factors of 1157768688?
2, 3, 2557, 9433
List the prime factors of 26824991.
43, 67, 9311
List the prime factors of 64460653.
89, 724277
What are the prime factors of 3361604187?
3, 13337, 84017
What are the prime factors of 112256560?
2, 5, 13, 19, 23
What are the prime factors of 19026202?
2, 13, 59, 79, 157
What are the prime factors of 4317996585?
3, 5, 7, 5347, 7691
List the prime factors of 1660861059.
3, 11, 13, 29, 133499
List the prime factors of 73518747.
3, 24506249
What are the prime factors of 58888620?
2, 3, 5, 7, 577
List the prime factors of 42035724.
2, 3, 1167659
List the prime factors of 102626027.
7, 31, 71, 6661
List the prime factors of 273588689.
11, 409, 60811
List the prime factors of 3948981311.
11, 358998301
What are the prime factors of 5318398562?
2, 71, 113, 331447
What are the prime factors of 37611819?
3, 7, 271, 2203
List the prime factors of 122322314.
2, 61161157
What are the prime factors of 1082294777?
19, 683, 83401
What are the prime factors of 28085258?
2, 17, 826037
What are the prime factors of 1465866626?
2, 7, 151, 693409
List the prime factors of 741942593.
7, 157, 691, 977
List the prime factors of 996755738.
2, 11, 23, 43, 61, 751
List the prime factors of 5555592863.
31, 197, 739, 1231
List the prime factors of 3347405.
5, 669481
What are the prime factors of 907722295?
5, 37, 132611
What are the prime factors of 598988012?
2, 7, 233, 91813
What are the prime factors of 445303879?
10247, 43457
List the prime factors of 573671179.
573671179
What are the prime factors of 405546497?
1877, 216061
List the prime factors of 46295697.
3, 7, 2204557
What are the prime factors of 7342911045?
3, 5, 6269, 26029
What are the prime factors of 421702696?
2, 52712837
List the prime factors of 59800694.
2, 97, 199, 1549
What are the prime factors of 541710338?
2, 13, 17, 1225589
What are the prime factors of 10392474?
2, 3, 17, 139, 733
List the prime factors of 212906022.
2, 3, 7, 139, 36469
List the prime factors of 353615211.
3, 39290579
What are the prime factors of 23552741?
59, 617, 647
What are the prime factors of 72684103?
41, 1772783
What are the prime factors of 930439132?
2, 7, 29, 97, 11813
What are the prime factors o